site number?
True
Is 193423 prime?
True
Is 108061 a composite number?
False
Is 346219 prime?
False
Is 2360069 composite?
False
Is 13579 prime?
False
Is 812881 prime?
False
Is 53497 a prime number?
False
Is 4727 a prime number?
False
Is 778709 composite?
False
Is 2317 a prime number?
False
Is 1599387 a composite number?
True
Is 196985 a prime number?
False
Is 275251 composite?
False
Is 51109 prime?
True
Is 18682 prime?
False
Is 28591 prime?
True
Is 48163 a composite number?
False
Is 591503 a composite number?
True
Is 194749 composite?
False
Is 95806 prime?
False
Is 13841 prime?
True
Is 4909 a composite number?
False
Is 1709 prime?
True
Is 20323 composite?
False
Is 180463 a composite number?
False
Is 557443 prime?
True
Is 26507 prime?
False
Is 171917 a prime number?
True
Is 2946155 prime?
False
Is 59141 a composite number?
False
Is 290107 composite?
False
Is 32173 a composite number?
False
Is 34987 a composite number?
True
Is 421493 a composite number?
False
Is 147997 a prime number?
True
Is 144751 composite?
False
Is 16439 prime?
False
Is 158789 composite?
True
Is 18773 a prime number?
True
Is 959561 composite?
False
Is 679511 a prime number?
False
Is 149 composite?
False
Is 3203 a prime number?
True
Is 405889 a composite number?
True
Is 7817 a prime number?
True
Is 512819 composite?
False
Is 82581 composite?
True
Is 3460315 a composite number?
True
Is 95223 a composite number?
True
Is 1209007 composite?
False
Is 209054 composite?
True
Is 882061 a composite number?
False
Is 19619 prime?
False
Is 1290983 prime?
True
Is 144407 a composite number?
False
Is 540851 a composite number?
False
Is 274061 a prime number?
True
Is 652831 prime?
True
Is 299807 prime?
True
Is 95507 composite?
False
Is 345871 composite?
True
Is 435397 prime?
True
Is 24593 a prime number?
True
Is 23369 composite?
False
Is 7609 prime?
False
Is 25211 a prime number?
False
Is 109931 a composite number?
True
Is 23459 a prime number?
True
Is 70559 a prime number?
False
Is 235594 a composite number?
True
Is 1721407 a prime number?
True
Is 4733011 a prime number?
True
Is 535243 composite?
False
Is 22201 a prime number?
False
Is 409 prime?
True
Is 419873 a prime number?
True
Is 942493 a prime number?
False
Is 116483 prime?
True
Is 141227 composite?
True
Is 1571093 a composite number?
False
Is 62297 composite?
False
Is 24031 a prime number?
False
Is 3083 prime?
True
Is 52781 a composite number?
True
Is 2927 a composite number?
False
Is 19037 composite?
False
Is 19033 composite?
True
Is 220459 a prime number?
False
Is 23578 a composite number?
True
Is 15053 prime?
True
Is 5294 prime?
False
Is 3007 a composite number?
True
Is 355297 a composite number?
False
Is 410207 a prime number?
False
Is 30035 composite?
True
Is 40781 a composite number?
True
Is 267082 composite?
True
Is 75253 composite?
False
Is 23915 composite?
True
Is 22189 a prime number?
True
Is 340633 a composite number?
False
Is 67261 a prime number?
True
Is 7838 prime?
False
Is 1043758 a prime number?
False
Is 518657 composite?
False
Is 3551 a prime number?
False
Is 911 a composite number?
False
Is 4327 a composite number?
False
Is 19121 a composite number?
False
Is 1961 a prime number?
False
Is 497137 a prime number?
True
Is 223442 prime?
False
Is 17497 a prime number?
True
Is 927577 a composite number?
True
Is 90106 composite?
True
Is 4769 prime?
False
Is 107834 composite?
True
Is 7586 composite?
True
Is 3683 composite?
True
Is 583 composite?
True
Is 17471 a prime number?
True
Is 39929 a composite number?
False
Is 936613 a composite number?
True
Is 12469 a composite number?
True
Is 26769 a prime number?
False
Is 20671 a prime number?
False
Is 3989 composite?
False
Is 32087 a composite number?
True
Is 7591 a prime number?
True
Is 30777 a prime number?
False
Is 319309 a prime number?
False
Is 57329 a prime number?
True
Is 19937 a prime number?
True
Is 2633 a composite number?
False
Is 661019 a prime number?
True
Is 583069 composite?
False
Is 48437 prime?
True
Is 135893 a composite number?
False
Is 33001 composite?
True
Is 891223 a composite number?
False
Is 12913 prime?
False
Is 17609 a prime number?
True
Is 12333 a composite number?
True
Is 8941 a composite number?
False
Is 27785 a prime number?
False
Is 1069 a composite number?
False
Is 10006 a prime number?
False
Is 1961 a composite number?
True
Is 9649 a prime number?
True
Is 3251 a prime number?
True
Is 1269427 composite?
False
Is 204047 composite?
False
Is 20765 a prime number?
False
Is 20827 prime?
False
Is 59611 composite?
False
Is 78497 prime?
True
Is 87509 composite?
False
Is 1695107 a composite number?
False
Is 9689 composite?
False
Is 70391 a prime number?
False
Is 95137 composite?
True
Is 230479 a composite number?
False
Is 72953 a composite number?
False
Is 106378 a prime number?
False
Is 10651 a composite number?
False
Is 230371 a prime number?
False
Is 297503 prime?
True
Is 122893 a prime number?
False
Is 875113 composite?
False
Is 71947 a prime number?
True
Is 209123 a prime number?
True
Is 9767 a prime number?
True
Is 38693 a composite number?
False
Is 901 a prime number?
False
Is 1018333 a prime number?
False
Is 89231 composite?
False
Is 82451 prime?
False
Is 2999 prime?
True
Is 8861 prime?
True
Is 1487113 composite?
False
Is 121897 a composite number?
True
Is 258551 prime?
True
Is 4783 composite?
False
Is 108305 prime?
False
Is 22609 prime?
False
Is 38431 composite?
False
Is 7003 prime?
False
Is 79721 a composite number?
True
Is 2605 composite?
True
Is 113263 a composite number?
True
Is 9109 a prime number?
True
Is 175603 a prime number?
False
Is 167357 a composite number?
True
Is 8999 prime?
True
Is 3113 composite?
True
Is 50983 prime?
False
Is 464467 a composite number?
False
Is 660241 composite?
False
Is 6589 a prime number?
False
Is 103321 prime?
False
Is 9629 prime?
True
Is 8147 composite?
False
Is 4271 prime?
True
Is 4783 prime?
True
Is 624961 a prime number?
True
Is 151961 prime?
False
Is 3898 a prime number?
False
Is 57515 prime?
False
Is 28121 composite?
True
Is 86123 prime?
False
Is 587911 a prime number?
False
Is 12653 composite?
False
Is 2329 a composite number?
True
Is 437387 composite?
False
Is 1483207 a composite number?
True
Is 1165 a composite number?
True
Is 339 composite?
True
Is 869 a composite number?
True
Is 57621 a prime number?
False
Is 27533 composite?
True
Is 502051 a prime number?
False
Is 59497 composite?
False
Is 38903 a composite number?
False
Is 27037 composite?
True
Is 7243 prime?
True
Is 3491 composite?
False
Is 194471 prime?
True
Is 226451 a prime number?
True
Is 51841 prime?
False
Is 7907 composite?
False
Is 1199 a prime number?
False
Is 142951 composite?
True
Is 65986 a prime number?
False
Is 508727 composite?
False
Is 466409 prime?
True
Is 12311 a composite number?
True
Is 372223 composite?
False
Is 772895 a prime number?
False
Is 34739 prime?
True
Is 161963 a prime number?
False
Is 55399 composite?
False
Is 7393 composite?
False
Is 244039 composite?
True
Is 21041 prime?
False
Is 833251 prime?
True
Is 33599 a prime number?
True
Is 7771 a composite number?
True
Is 85723 composite?
True
Is 204233 a prime number?
True
Is 1657 prime?
True
Is 1417 a prime number?
False
Is 263798 prime?
False
Is 1961 a prime number?
False
Is 75903 a prime number?
False
Is 3662 a composite number?
True
Is 6362 a composite number?
True
Is 2927 a composite number?
False
Is 17827 composite?
False
Is 3778 prime?
False
Is 91099 a prime number?
True
Is 160738 a prime number?
False
Is 75503 prime?
True
Is 12181 composite?
True
Is 644093 a prime number?
False
Is 1088197 a composite number?
True
Is 32087 a prime number?
False
Is 14117 a prime number?
False
Is 709573 composite?
True
Is 499 a prime number?
True
Is 14743 prime?
False
Is 4839 a composite number?
True
Is 117389 prime?
True
Is 9029 a composite number?
False
Is 5479 a composite number?
False
Is 102458 a composite number?
True
Is 1273 composite?
True
Is 451859 a composite number?
False
Is 149749 a composite number?
False
Is 80722 a prime number?
False
Is 42031 prime?
False
Is 29603 a prime number?
False
Is 1157 prime?
False
Is 206347 a composite number?
False
Is 672059 a prime number?
True
Is 1511 prime?
True
Is 154015 composite?
True
Is 29591 composite?
True
Is 81001 composite?
False
Is